{"id":6,"date":"2016-09-21T19:18:30","date_gmt":"2016-09-21T17:18:30","guid":{"rendered":"http:\/\/www.hotel-labbatiale.fr\/?page_id=6"},"modified":"2021-12-29T18:01:53","modified_gmt":"2021-12-29T17:01:53","slug":"hotel-labbatiale-demenageur-demenagement-visa-chine-visa-inde-visa-vietnam-visa-russie-croisiere-safari-afrique-garde-meubles","status":"publish","type":"page","link":"https:\/\/www.hotel-labbatiale.fr\/","title":{"rendered":"Hotel Labbatiale"},"content":{"rendered":"<h2>Pr\u00e9sentation de l&rsquo;H\u00f4tel Labbatiale<\/h2>\n<p><img loading=\"lazy\" class=\"alignright size-full wp-image-14\" src=\"https:\/\/www.hotel-labbatiale.fr\/wp-content\/uploads\/2016\/09\/9-1.jpeg.jpg\" alt=\"9-1.jpeg\" width=\"275\" height=\"183\" \/><\/p>\n<p>C&rsquo;est un h\u00f4tel de charme, situ\u00e9 sur la commune de Corbie, dans le d\u00e9partement de la Somme r\u00e9gion Nord-Pas-de-Calais-Picardie. C&rsquo;est tr\u00e8s propre et offre \u00e0 ses h\u00f4tes un cadre digne de ce nom. Le personnel est souriant et tr\u00e8s accueillant. Il offre un rapport qualit\u00e9-prix tr\u00e8s raisonnable et des repas simples et d\u00e9licieux. Bien que ce soit un petit h\u00f4tel, les clients ont droit \u00e0 des privil\u00e8ges pas tr\u00e8s loin de ceux trouv\u00e9s dans les grands h\u00f4tels. Bien situ\u00e9, l&rsquo;h\u00f4tel dispose d&rsquo;une literie confortable et offre une ambiance amicale et calme. Ni le paysage de l&rsquo;h\u00f4tel.<\/p>\n<h2>Informations g\u00e9n\u00e9rales sur le d\u00e9m\u00e9nagement<\/h2>\n<p>Pour vous d\u00e9placer en toute s\u00e9curit\u00e9 sans probl\u00e8me, vous devez faire appel aux services d&rsquo;un d\u00e9m\u00e9nageur professionnel <a href=\"https:\/\/www.demenageur.com\/\">d\u00e9m\u00e9nageur<\/a>. Vous devez d&rsquo;abord informer les autorit\u00e9s administratives suivantes: le centre de service national (pour les personnes dont l&rsquo;\u00e2ge ou l&rsquo;\u00e2ge des enfants varie entre 16 et 25 ans), le service des imp\u00f4ts, etc. Les d\u00e9placements, d\u00e9m\u00e9nagements et d\u00e9m\u00e9nagements sont primordiaux. De plus, nous vous offrons la possibilit\u00e9 de demander gratuitement et sans engagement un devis de d\u00e9m\u00e9nagement\u00a0dont le but sera de vous fixer les co\u00fbts qui g\u00e9n\u00e9reront votre d\u00e9m\u00e9nagement. Vous pouvez \u00e9galement demander notre aide pour la location d&rsquo;une salle de stockagethe-work-services.net. Si vous poss\u00e9dez une arme et que vous changez de d\u00e9partement, n&rsquo;oubliez pas de faire une d\u00e9claration de possession d&rsquo;armes si n\u00e9cessaire. Cette d\u00e9claration doit \u00eatre faite \u00e0 la pr\u00e9fecture de votre nouvelle habitation.<\/p>\n<h2>Informations g\u00e9n\u00e9rales sur l&rsquo;assurance-vie<\/h2>\n<p>L&rsquo;assurance vie permet \u00e0 l&rsquo;assur\u00e9 de constituer un capital et de l&rsquo;am\u00e9liorer dans un cadre fiscal avantageux. L&rsquo;assurance vie est donc une solution d&rsquo;\u00e9pargne \u00e0 moyen et \/ ou long terme qui vous permet de r\u00e9aliser un ou plusieurs projets tels que la pr\u00e9paration de votre retraite, le financement de l&rsquo;\u00e9ducation de vos enfants et bien plus encore. L&rsquo;assurance vie est aussi un moyen de transmettre votre capital \u00e0 vos proches, en d\u00e9signant un ou plusieurs b\u00e9n\u00e9ficiaires de votre choix, qui recevront le capital ainsi constitu\u00e9 en cas de d\u00e9c\u00e8s. L&rsquo;assurance vie offre une grande flexibilit\u00e9 et vous avez la possibilit\u00e9 d&rsquo;\u00eatre accompagn\u00e9 dans la gestion de votre capital.<\/p>\n<h2>Informations g\u00e9n\u00e9rales sur les visas \u00e9trangers<\/h2>\n<p>Que vous soyez \u00e0 la recherche d&rsquo;un visa, d&rsquo;un visa inde, d&rsquo;un visa vietnam , les proc\u00e9dures sont pratiquement les m\u00eames. En effet, il suffit de se rendre aux repr\u00e9sentations diplomatiques (consulat ou ambassade) des pays concern\u00e9s dans votre pays de r\u00e9sidence (si vous \u00eates soumis \u00e0 l&rsquo;obligation de visa). La repr\u00e9sentation diplomatique vous fournira toutes les informations n\u00e9cessaires pour obtenir le visa que vous souhaitez obtenir. Vous pouvez \u00e9galement trouver cette information sur le site de la repr\u00e9sentation diplomatique en question. Vous devrez alors d\u00e9poser un dossier formel et le soumettre en personne au consulat ou \u00e0 l&rsquo;ambassade.<\/p>\n<h2>Informations g\u00e9n\u00e9rales sur les croisi\u00e8res<\/h2>\n<p>Si vous souhaitez faire une croisi\u00e8re \u00e0 la <a href=\"https:\/\/www.predislan.fr\">derni\u00e8re minute pendant les vacances<\/a>, vous pouvez r\u00e9server votre croisi\u00e8re ou payer en esp\u00e8ces en vous rendant \u00e0 l&rsquo;agence. Apr\u00e8s avoir effectu\u00e9 votre r\u00e9servation, vous vous rendez \u00e0 l&rsquo;agence pour commander et payer votre croisi\u00e8re. Vous pouvez payer des frais de service pour chaque jour que vous passez sur le navire de croisi\u00e8re. Vous devez apporter vos papiers (carte d&rsquo;identit\u00e9, passeport et autres), votre carnet de voyage ou votre r\u00e9servation. Vous recevrez ensuite une carte (telle qu&rsquo;une carte de cr\u00e9dit). Ce dernier est personnel et vous servira \u00e0 la fois les cartes d&rsquo;identit\u00e9 et le paiement. Vous pouvez laisser un d\u00e9p\u00f4t en esp\u00e8ces ou le num\u00e9ro de votre carte de cr\u00e9dit.<\/p>\n","protected":false},"excerpt":{"rendered":"<p>Pr\u00e9sentation de l&rsquo;H\u00f4tel Labbatiale C&rsquo;est un h\u00f4tel de charme, situ\u00e9 sur la commune de Corbie, dans le d\u00e9partement de la Somme r\u00e9gion Nord-Pas-de-Calais-Picardie. C&rsquo;est tr\u00e8s propre et offre \u00e0 ses h\u00f4tes un cadre digne de ce nom. Le personnel est<\/p>\n","protected":false},"author":1,"featured_media":0,"parent":0,"menu_order":0,"comment_status":"closed","ping_status":"closed","template":"","meta":[],"_links":{"self":[{"href":"https:\/\/www.hotel-labbatiale.fr\/index.php\/wp-json\/wp\/v2\/pages\/6"}],"collection":[{"href":"https:\/\/www.hotel-labbatiale.fr\/index.php\/wp-json\/wp\/v2\/pages"}],"about":[{"href":"https:\/\/www.hotel-labbatiale.fr\/index.php\/wp-json\/wp\/v2\/types\/page"}],"author":[{"embeddable":true,"href":"https:\/\/www.hotel-labbatiale.fr\/index.php\/wp-json\/wp\/v2\/users\/1"}],"replies":[{"embeddable":true,"href":"https:\/\/www.hotel-labbatiale.fr\/index.php\/wp-json\/wp\/v2\/comments?post=6"}],"version-history":[{"count":9,"href":"https:\/\/www.hotel-labbatiale.fr\/index.php\/wp-json\/wp\/v2\/pages\/6\/revisions"}],"predecessor-version":[{"id":26,"href":"https:\/\/www.hotel-labbatiale.fr\/index.php\/wp-json\/wp\/v2\/pages\/6\/revisions\/26"}],"wp:attachment":[{"href":"https:\/\/www.hotel-labbatiale.fr\/index.php\/wp-json\/wp\/v2\/media?parent=6"}],"curies":[{"name":"wp","href":"https:\/\/api.w.org\/{rel}","templated":true}]}}